 of 48 and 12.
12
Calculate the greatest common factor of 13 and 4043.
13
What is the highest common factor of 49 and 791?
7
Calculate the greatest common factor of 10 and 130.
10
Calculate the greatest common divisor of 12 and 368.
4
Calculate the highest common factor of 70 and 29470.
70
Calculate the highest common divisor of 1190 and 1050.
70
Calculate the highest common divisor of 18 and 234.
18
What is the greatest common divisor of 24 and 6?
6
What is the highest common divisor of 6528 and 306?
102
Calculate the highest common factor of 295 and 5.
5
Calculate the greatest common divisor of 13 and 533.
13
Calculate the greatest common divisor of 11799 and 54.
27
Calculate the highest common factor of 5420 and 40.
20
Calculate the greatest common factor of 5888 and 92.
92
What is the highest common divisor of 49 and 14?
7
What is the highest common divisor of 201 and 4087?
67
What is the highest common factor of 118 and 7906?
118
What is the greatest common divisor of 14 and 49?
7
Calculate the greatest common divisor of 11072 and 173.
173
What is the highest common factor of 731 and 34?
17
What is the highest common factor of 321 and 1177?
107
Calculate the greatest common factor of 960 and 336.
48
What is the greatest common divisor of 2001 and 69?
69
What is the greatest common factor of 70 and 750?
10
Calculate the greatest common divisor of 1458 and 90.
18
What is the highest common factor of 16 and 1136?
16
Calculate the highest common divisor of 24 and 168.
24
What is the highest common divisor of 344 and 32?
8
What is the greatest common factor of 10375 and 747?
83
What is the greatest common factor of 36 and 5868?
36
What is the greatest common factor of 352 and 275?
11
Calculate the greatest common factor of 4029 and 51.
51
What is the greatest common divisor of 144 and 9?
9
Calculate the highest common divisor of 575 and 230.
115
What is the greatest common factor of 5250 and 60?
30
Calculate the greatest common factor of 40 and 19360.
40
Calculate the greatest common factor of 44 and 7106.
22
What is the greatest common divisor of 38 and 138?
2
What is the highest common factor of 246 and 30?
6
Calculate the highest common divisor of 413 and 7.
7
What is the greatest common factor of 51 and 9?
3
Calculate the greatest common divisor of 189 and 81.
27
Calculate the greatest common divisor of 96 and 448.
32
Calculate the highest common divisor of 1480 and 160.
40
What is the greatest common factor of 20320 and 160?
160
Calculate the greatest common divisor of 80 and 20500.
20
Calculate the greatest common divisor of 92 and 3358.
46
What is the highest common divisor of 58 and 34?
2
What is the greatest common factor of 64 and 512?
64
What is the greatest common factor of 1880 and 80?
40
What is the greatest common factor of 44 and 748?
44
Calculate the highest common divisor of 2117 and 73.
73
Calculate the greatest common divisor of 11 and 407.
11
Calculate the greatest common factor of 8701 and 77.
77
What is the highest common factor of 9 and 639?
9
What is the highest common divisor of 78 and 1716?
78
Calculate the greatest common divisor of 63 and 36.
9
Calculate the greatest common divisor of 1548 and 180.
36
What is the highest common divisor of 107 and 148730?
107
What is the highest common factor of 1206 and 3?
3
What is the highest common factor of 168 and 84?
84
Calculate the greatest common factor of 1125 and 20.
5
Calculate the highest common factor of 6306 and 6.
6
Calculate the greatest common divisor of 176 and 110.
22
What is the highest common factor of 9 and 27?
9
Calculate the greatest common factor of 94 and 4982.
94
Calculate the greatest common factor of 1148 and 252.
28
Calculate the highest common factor of 4581 and 27.
9
What is the highest common divisor of 221 and 65?
13
Calculate the highest common divisor of 1443 and 39.
39
Calculate the greatest common factor of 10 and 10330.
10
Calculate the greatest common factor of 520 and 13.
13
Calculate the highest common factor of 279 and 9.
9
Calculate the highest common divisor of 48 and 312.
24
What is the greatest common factor of 40 and 20?
20
What is the highest common factor of 7791 and 147?
147
Calculate the greatest common factor of 840 and 320.
40
What is the greatest common factor of 38 and 3857?
19
Calculate the greatest common factor of 684 and 828.
36
Calculate the greatest common factor of 65 and 4381.
13
What is the greatest common factor of 45 and 720?
45
Calculate the greatest common divisor of 2208 and 3936.
96
What is the greatest common divisor of 50 and 9150?
50
Calculate the greatest common divisor of 20 and 220.
20
What is the highest common factor of 70 and 28?
14
What is the greatest common divisor of 1542 and 12?
6
What is the highest common factor of 4620 and 3990?
210
What is the greatest common factor of 1860 and 60?
60
Calculate the highest common factor of 96 and 294.
6
What is the highest common divisor of 66 and 11121?
33
Calculate the greatest common factor of 858 and 242.
22
What is the greatest common divisor of 48 and 32?
16
Calculate the greatest common divisor of 1375 and 11.
11
Calculate the greatest common divisor of 9775 and 1105.
85
What is the highest common factor of 1846 and 568?
142
What is the highest common divisor of 1028 and 44?
4
What is the highest common divisor of 8106 and 42?
42
What is the highest common divisor of 10625 and 85?
85
What is the greatest common factor of 843 and 6?
3
What is the highest common factor of 116 and 16?
4
Calculate the highest common factor of 25 and 60.
5
Calculate the highest common divisor of 68 and 28.
4
Calculate the highest common factor of 463 and 10.
1
Calculate the greatest common divisor of 152 and 216.
8
Calculate the highest common divisor of 405 and 75.
15
Calculate the greatest common factor of 26 and 754.
26
Calculate the greatest common divisor of 76 and 893.
19
Calculate the greatest common factor of 642 and 372.
6
Calculate the highest common factor of 3294 and 1342.
122
What is the greatest common factor of 420 and 4032?
84
What is the greatest common divisor of 322 and 28?
14
What is the highest common factor of 232 and 29?
29
What is the greatest common divisor of 64 and 224?
32
What is the greatest common factor of 164 and 47560?
164
What is the greatest common divisor of 15 and 4010?
5
Calculate the highest common factor of 66 and 22.
22
Calculate the greatest common divisor of 570 and 45.
15
Calculate the highest common factor of 22 and 25597.
11
Calculate the highest common divisor of 11 and 3113.
11
What is the greatest common divisor of 220 and 2112?
44
What is the highest common divisor of 204 and 357?
51
What is the greatest common factor of 205 and 15?
5
What is the highest common factor of 350 and 20650?
350
Calculate the highest common divisor of 60 and 24180.
60
Calculate the highest common factor of 32 and 224.
32
What is the greatest common factor of 27 and 3492?
9
What is the greatest common factor of 405 and 45?
45
What is the highest common divisor of 1752 and 24?
24
What is the highest common divisor of 169 and 39?
13
Calculate the highest common factor of 129 and 30.
3
Calculate the greatest common divisor of 6 and 4563.
3
What is the highest common divisor of 454 and 11123?
227
What is the greatest common factor of 17 and 12767?
17
What is the greatest common factor of 7 and 63?
7
What is the greatest common divisor of 506 and 138?
46
What is the greatest common factor of 8 and 8488?
8
Calculate the highest common divisor of 1194 and 9.
3
Calculate the highest common divisor of 2988 and 468.
36
What is the greatest common factor of 782 and 2783?
23
What is the greatest common factor of 574 and 7?
7
Calculate the greatest common factor of 5811 and 298.
149
What is the greatest common factor of 40 and 310?
10
What is the highest common divisor of 976 and 48?
16
What is the greatest common factor of 28 and 126?
14
Calculate the highest common factor of 69 and 17.
1
Calculate the highest common factor of 9898 and 202.
202
What is the highest common factor of 11711 and 717?
239
Calculate the greatest common factor of 490 and 1078.
98
Calculate the greatest common factor of 83 and 14359.
83
What is the greatest common divisor of 56 and